culate the greatest common factor of k and 477.
9
Let t = -110 + 194. Let n be (-21)/(-4) - 2/8. Suppose p + n*p = 336. What is the highest common factor of p and t?
28
Let n(a) = -3*a + 36. Let g be n(-14). Suppose -y + 98 - g = 0. What is the greatest common factor of 50 and y?
10
Let u = -2326 + 2338. What is the highest common divisor of u and 84?
12
Let w(o) be the first derivative of -3*o**2 + 1/2*o**4 + 3*o + 11 + 1/3*o**3. Let z be w(2). Calculate the highest common divisor of z and 1.
1
Let d be -11 + (7060/8 + -6)*2. What is the greatest common divisor of 598 and d?
26
Suppose 0 = -58*j + 55*j - o + 10695, 4*j - 14292 = 4*o. What is the highest common factor of j and 984?
123
Let w = -106 + 168. Suppose -w = 8*f - 70. Calculate the greatest common divisor of 2 and f.
1
Let v be (-3 + 0 + -1)*-216. Calculate the greatest common factor of 384 and v.
96
Let a(g) = -24*g + 759. Let y be a(30). What is the greatest common factor of 1157 and y?
13
Suppose -5*v - 2*p = -10*v + 33, 0 = 3*v + 5*p + 5. Suppose -v*q = -0*q + 15. Let c be q + (10 - -1) + 4. What is the highest common factor of 84 and c?
12
Let y(n) = -n**3 - 11*n**2 + 11*n + 150. Let g be y(-13). Calculate the highest common factor of g and 105.
15
Suppose -2*j = -4*y + 314, -3*y - 5*j = -6*j - 237. Suppose -28*a = -20*a - y. What is the highest common factor of 4 and a?
2
Let u = -604 - -676. Suppose -67*a - 60 = -u*a. Calculate the greatest common divisor of a and 84.
12
Let r be ((-96)/4)/(-1) - (1 - 4). Let g(v) = -v**3 + 26*v**2 + 30*v - 33. Let p be g(r). Calculate the greatest common divisor of 80 and p.
16
Suppose 0 = -2*m - 10, 80 = 2*r + 14*m - 12*m. Suppose 3*p + 4*i + 7 = 2*p, -4*i - 27 = -3*p. What is the highest common factor of p and r?
5
Suppose 3*b = -b + 88. Suppose -16*d = -18*d - 4*s - 4, s - 24 = 2*d. Let q be (-15)/d*-22*3/(-9). Calculate the highest common factor of b and q.
11
Let h be (38/57)/((-1)/(-690)). Suppose -4*p - 4*u = -h, 4*p - 5*p - 2*u = -113. What is the highest common divisor of p and 36?
9
Let t(p) = 5*p**3 - 11*p**2 - 3*p + 25. Let m be t(5). What is the highest common divisor of m and 1050?
30
Suppose -4*s - 3*p = 21, 0 = -4*s - 5*p + 3*p - 18. Let y be (s/2)/(6/(-20)). What is the highest common factor of 30 and y?
5
Let d(z) = -z - 9. Let u be d(-12). Suppose -3*s = 6 + u. Let o be ((-24)/(-3))/(s + 5). Calculate the highest common divisor of o and 28.
4
Suppose 2*v - 4*b = -12, -5*v + 3*b + 5 = -0. Suppose -s + 5 = 2*g, -v*g = -5*s - 6*g + 33. What is the greatest common factor of 7 and s?
7
Let x = -170 - -3500. What is the greatest common divisor of 90 and x?
90
Let g be 212/6*(-7 + 68/8). Let p = 55 - g. Suppose -192 = -8*t + p*t. What is the greatest common factor of 8 and t?
8
Suppose -157*n = -41*n - 321088. What is the highest common factor of n and 1557?
173
Suppose -5*v - 333 = -4*s, 8*v = -3*s + 7*v + 226. Calculate the greatest common factor of 407 and s.
11
Let u(b) = -24*b. Let l be u(-1). Let g be 153*(2 - (-35)/(-15)). Let z(i) = 4*i + 207. Let m be z(g). What is the greatest common factor of m and l?
3
Let a be ((-4)/(-5))/(1/410). Let i be (53351/248)/((-21)/(-12)) - 2/(-28). What is the greatest common divisor of a and i?
41
Let j be -35*1*(-27)/63. Let y(u) = -u**3 - 4*u**2 - 6*u - 5. Let p be y(-5). Calculate the greatest common factor of j and p.
5
Let d(o) = 52 + 95*o**2 + 2*o**3 + 49*o + 39 - 4 + 17. Let p be d(-47). Let k(l) = 29*l - 6. Let g be k(4). Calculate the highest common factor of p and g.
10
Suppose 4*m - 519 = p, -85*m - 273 = -87*m + 5*p. Calculate the highest common factor of m and 12.
3
Suppose -988*g - 5187 = -1009*g. Calculate the greatest common factor of g and 2033.
19
Let u(n) = -n**2 + 7*n + 32. Let t be u(10). Suppose t*g - y - 19 = -4, 5*g + 2*y = 42. Calculate the greatest common divisor of 304 and g.
8
Let q(c) = c**3 - 41*c**2 + 171*c + 171. Let f be q(39). What is the highest common factor of f and 72?
18
Suppose -2*y - 22500 = -47*y. Calculate the greatest common divisor of y and 1075.
25
Suppose -148482 = -9*n + 12816. Calculate the greatest common divisor of 87 and n.
87
Let d be ((-126)/28 - -5)*7678. Calculate the highest common divisor of d and 33.
11
Suppose -10*r + 6*r - 4 = 0. Let s be (r/1)/(54/(-270)). Calculate the highest common factor of s and 405.
5
Suppose 85*j - 208 = 77*j. What is the highest common divisor of j and 1040?
26
Let o = 2234 - -6514. What is the greatest common factor of 108 and o?
108
Suppose -3*w + 5450 = -2*f, 0 = w - 5*f - 1181 - 614. What is the highest common factor of 5 and w?
5
Let w = 67 + -63. Suppose -689 = -w*j + 391. Let g = 18 - -12. What is the greatest common divisor of g and j?
30
Suppose -8 = -5*i + 7. Suppose -112 = -4*t + 4*o, -4*t - o = i*o - 112. Suppose 5*y - y = t. Calculate the greatest common factor of 7 and y.
7
Suppose -21*w - 550 = -26*w. Let r be (4 + 80/(-25))/(4/w). Let k = r - 2. What is the greatest common divisor of 4 and k?
4
Let g be (0 + (-7)/7)*(-13 + -36). Suppose 4*z + 2695 = 9*z. Calculate the highest common divisor of z and g.
49
Suppose 2*q - 172 = -100. What is the greatest common factor of 7362 and q?
18
Let v = 37802 + -37798. Suppose -t + 3*t - 392 = 0. Calculate the highest common divisor of t and v.
4
Suppose -7*s + 2628 = -5*g, 27*s + 744 = 29*s + 2*g. What is the highest common factor of s and 781?
11
Let l = 14398 - 13930. What is the greatest common divisor of l and 567?
9
Let z(b) = b**3 + 8*b**2 + 13*b + 15. Let t be 120/70*(-14)/4. Let m be z(t). What is the highest common factor of m and 39?
3
Let w(b) = -75*b - 2340. Let t be w(-34). Let z = -160 - -300. What is the greatest common divisor of z and t?
70
Let j be (72/7)/(10/5040). Calculate the highest common factor of 32 and j.
32
Let w = 249 - 19. Suppose -11*z = -8*z + 4*c - 145, -5*c - w = -5*z. What is the highest common divisor of 611 and z?
47
Suppose -12 = 4*j, 484 = -4*z - 2*j - 2*j. Let m = -106 - z. What is the greatest common factor of 444 and m?
12
Suppose 5*z = q - 33, -3*q + 8*q = -5*z + 15. Suppose -o + 164 = 5*c, -c + 3*o + 28 = q. Calculate the greatest common divisor of 112 and c.
16
Suppose c + 2*r - 16 = 21, -2*r = -2*c + 80. Let a be (-526)/(-8) + (-4)/((-16)/(-3)). Calculate the highest common factor of a and c.
13
Let w = 1 - -116. Let i(z) = -17*z - 84. Let d be i(-6). Calculate the highest common divisor of w and d.
9
Let w(x) = -26 - 21*x**3 - 2*x**3 + 57 - 30. Let j(u) = -u**2 + 10*u - 11. Let n be j(9). Let z be w(n). What is the greatest common factor of 37 and z?
37
Let s = 174 + -173. Let q be (s + -4)*(-72)/54. Suppose 0 = h + 2*v, -5*h + 12 = -3*v - 14. Calculate the greatest common divisor of q and h.
4
Suppose 253833 = -c + 44*c - 603544. What is the greatest common factor of 157 and c?
157
Let x be (58/(-14) - 3)/((-169)/10647). What is the highest common factor of 3450 and x?
150
Suppose -3*n = -2*p + 114, 5*p + 2*n + 679 - 1040 = 0. What is the greatest common divisor of 667 and p?
23
Let u = -2224 + 3148. Let r = -162 + 246. Calculate the greatest common divisor of u and r.
84
Let j be 7/(14/(-11))*276. Let a = 2326 + j. Calculate the highest common factor of a and 8.
8
Let h(b) = b**3 + 9*b**2 + b + 8. Let i be h(-8). Let u be (-1)/(-3) + ((-260)/(-30) - 7). Calculate the greatest common divisor of u and i.
2
Let w be (-11)/66 + (8954/12 - -2). Suppose 0 = 62*m - 51*m - w. What is the greatest common divisor of 51 and m?
17
Suppose -3*p + 13 = -62. Calculate the highest common factor of 105 and p.
5
Let f(i) be the third derivative of -i**5/60 + 23*i**4/24 - 11*i**3/6 + 79*i**2 + i. Let o be f(18). What is the highest common factor of 869 and o?
79
Let k = -1120 + 1585. Let a = -9969 + 9999. Calculate the greatest common divisor of k and a.
15
Suppose -175*s - 66*s = -8761 - 5699. What is the highest common divisor of 4515 and s?
15
Let s be ((-12)/(-14))/(-25 + 528/21). Calculate the highest common divisor of 5142 and s.
6
Let c = 11757 + -11120. What is the highest common divisor of 455 and c?
91
Let i(w) = 4*w - 26. Let u be i(11). Let a = u - 13. Suppose 0 = 3*m + 3, -3*o + 0*o - a*m = -67. What is the highest common factor of o and 16?
8
Let z(y) = 115*y - 1098. Let m be z(18). What is the highest